-216)/n)?
3
Let c = 23450 + -11488. What is the hundreds digit of c?
9
Suppose 7*v - 12*v = -15. Let m(w) = -w**2 + 2*w + 7. Let j be m(v). Suppose j = -3*b + 67. What is the tens digit of b?
2
Let t(w) = 456*w**2 + 356*w + 3. What is the units digit of t(2)?
9
Let w(g) = g**3 + 3*g**2 - 4*g - 1428. Let d be w(0). Let c = d + 2711. What is the hundreds digit of c?
2
Suppose 5*w - 17 = 4*s, s + 3 = w - 1. Let f(o) = 347*o**2 + 4*o - 3. Let p be f(w). Suppose 0 = -4*y - 2*y + p. What is the units digit of y?
8
Let v(g) = 182*g**2 + 67*g + 1265. What is the hundreds digit of v(-17)?
7
Suppose 0 = -s - 2*m - 1647 + 8563, 2*s = 4*m + 13848. What is the hundreds digit of s?
9
Suppose -21*d = 2*d - 12098. Suppose 3*x - d - 845 = 0. What is the units digit of x?
7
Suppose 3*d - h - 15193 = 0, -d = -2*h - 1855 - 3211. What is the hundreds digit of (6 + (-22)/4)/(3/d)?
8
Let h(m) = 13*m**2 + 382*m + 87. What is the ten thousands digit of h(38)?
3
Let n = 139 + -137. What is the tens digit of -3 + 1 - (-557 - (n - 10))?
4
Let h(y) = 2*y**3 - 3*y**2 - 29*y - 26. Let i(g) = -4*g**3 + 6*g**2 + 58*g + 53. Let d(j) = 7*h(j) + 4*i(j). What is the units digit of d(-9)?
0
Let w(n) be the second derivative of n**4/4 - 11*n**3/3 + 31*n**2/2 + 54*n. What is the tens digit of w(13)?
5
Let d(u) = -14*u - 50. Let x be d(-3). What is the hundreds digit of (-4)/2*5298/(x + 2)?
7
Let q be (-11050)/(-182) + (-2 - (-16)/7). Suppose 2*x + 4*y - 111 = q, 4*x - 2*y - 294 = 0. What is the tens digit of x?
7
Let d = -13276 - -34618. What is the ten thousands digit of d?
2
Let q = 247 + -244. Let y = 24 - 14. What is the tens digit of (-8)/y + q/(-15) - -194?
9
What is the hundreds digit of 49374/4 - 13/234*9?
3
Let f = 2111 + -1809. What is the hundreds digit of f?
3
Let w = -345 - -325. What is the units digit of (-2)/((-15)/(-75) - (-14)/w)?
4
Let t = -687 + 699. Suppose 5*i + 3808 = t*i. What is the units digit of i?
4
Suppose -22*j + 48 = 554. Let p be (-8)/(-20) + (-274)/10. Let z = j - p. What is the units digit of z?
4
Let w(s) = 13*s - 183. Let a be w(13). Let c = a + 411. What is the hundreds digit of c?
3
Let p(n) = n**3 - 27*n**2 - 44*n - 46. What is the tens digit of p(30)?
3
Suppose -y - 14*u + 153 = -15*u, -4*u - 141 = -y. What is the hundreds digit of y?
1
Suppose 4*x - 19*x + 925528 = 23*x. What is the ten thousands digit of x?
2
Let y = 21247 + -14989. What is the hundreds digit of y?
2
Suppose 6*m + 1368 = 18*m. Suppose 112*a - m*a + 200 = 0. What is the units digit of a?
0
Let q be 2/((3 - 4)/5). Let u(f) = -5*f**2 + 15*f + 80. Let w(l) = 3*l**2 - 10*l - 53. Let s(v) = -5*u(v) - 8*w(v). What is the units digit of s(q)?
4
Suppose 3*i - 3*y = 3045, 2*y + 3061 = 3*i + 7*y. What is the hundreds digit of (-56)/(-4)*i/18?
7
Let k(i) = -34*i**2 + 12*i**2 - 14 + 23*i**2 - 14*i. What is the units digit of k(18)?
8
Let l be (-5623)/(-11) - (-2)/(-11). Let g = 1023 - l. Suppose -3*f = f - g. What is the tens digit of f?
2
Let d(r) = -4*r**2 + 40*r + 24. Let x be d(15). What is the tens digit of ((-1)/((-16)/x))/(6/(-184))?
2
Let a = 42 - 15. Suppose a*u + 4*u = 25110. What is the tens digit of u?
1
Suppose -6*k + 0*k - 2250 = 0. Let a = -204 - k. What is the hundreds digit of a?
1
Suppose 6*z + 1072 = -2*z. Let i = 473 + z. What is the hundreds digit of i?
3
Suppose 26*z = 5*z + 84. Suppose z*c - 13 - 3 = 0, 4*c + 698 = 3*p. What is the hundreds digit of p?
2
Let u be (0 + 9)*20/(-60). Let h = 68 - u. What is the tens digit of h?
7
Suppose -13*x = -19 + 6. What is the hundreds digit of (x + 4)*((-2844)/(-30) - 11)?
4
Let m = 126774 - 85940. What is the thousands digit of m?
0
Let y = 684 + -245. Let p = 913 - y. What is the tens digit of p?
7
Suppose w - 1 = 0, -2*n + 17729 = -3*w - 101784. What is the units digit of n?
8
Suppose -1277*p + 1238*p = -1997268. What is the thousands digit of p?
1
Let h be (-1)/(10/4) - 159268/(-145). Let g = h + -641. What is the units digit of g?
7
Suppose -4*i + 4*w = -34008, -2101*i + 2098*i + 25511 = -4*w. What is the hundreds digit of i?
4
What is the ten thousands digit of 115882/10 + ((-3)/(-15))/((-2)/12)?
1
Let a(k) = 19*k + 120. Let t be a(6). What is the hundreds digit of 144 - t/104*4/3?
1
Let f(v) = 3*v**2 - v + 42. Let o be 0/(-1) - (-1)/(-1) - -11. What is the units digit of f(o)?
2
What is the hundreds digit of (-933550)/(-225)*3 - (-2 - 8/(-6))?
4
Let x(q) = -213*q + 17. Let k be x(-5). Let r = 1994 - k. What is the tens digit of r?
1
Let u be (-28)/(-6) - 4/(-12). Suppose -h + 1236 = -5*w, 0 = 8*w - u*w + 6. What is the tens digit of h?
2
Let n = 520 + -509. Let a = n - -334. What is the units digit of a?
5
Suppose -l - 187811 = -4*d, 234762 = 94*d - 89*d - 3*l. What is the hundreds digit of d?
9
Let t(d) = 2*d**3 + 13*d**2 + 26*d + 17. Let z be t(-7). Let m = 388 + z. What is the hundreds digit of m?
1
Suppose -r + 14*b + 18264 = 15*b, -4*r + 73062 = 2*b. What is the hundreds digit of r?
2
Suppose 11*k - 16*k = -100. Suppose 3*n + 261 = 2*u, 4*u + k - 533 = 3*n. Let a = -73 + u. What is the units digit of a?
3
Suppose -4*i = 4*w + 40, 0 = i + 3*w - 0*w + 18. Let s = i - -10. What is the tens digit of 1/(6 + -5) + s*11?
4
Let m(y) = -12*y**2 + 1212*y + 27. What is the thousands digit of m(75)?
3
Let z(d) be the second derivative of 11*d**5/10 + d**4/3 - 13*d**3/6 + 10*d**2 + 167*d. What is the hundreds digit of z(3)?
6
Let o(d) = -d**3 - 14*d**2 + 77*d + 107. What is the units digit of o(-41)?
7
Suppose 3*m - 47 = w, -2*w - 16 = -5*m + 82. Let j = w + 298. What is the hundreds digit of j?
2
Suppose -4*p = p - q - 13, -q = p - 5. Suppose 1302 = 5*a + 2*c, 709 + 76 = p*a + 5*c. What is the tens digit of a?
6
Suppose 0 = 44*v + 437 - 85. Let d(n) = 3*n**2. Let r be d(-1). What is the hundreds digit of ((-180)/v)/r*14?
1
Suppose -4*w - 5652 = 4*r, -8*w + 13*w - 5*r + 7095 = 0. Let i = 413 - w. What is the units digit of i?
9
Suppose -5*d = 2*m - 8, 2*d + 2*m - 3*m + 4 = 0. Suppose d = 3*n + v - 6, 3*n + 0*v = -4*v + 6. What is the tens digit of 3/(n - -1) + -3 + 108?
0
Suppose 0 = -3*c + l - 98038 + 351620, 0 = 3*c - 4*l - 253594. What is the tens digit of c?
2
Let g(t) = 41*t - 36. Let n = 201 - 184. What is the units digit of g(n)?
1
Let a be 20/12 + -2 - (-220)/12. Let q(s) = -2 - 5*s**2 - 6 + 5*s**2 - a*s + s**2. What is the tens digit of q(21)?
5
Suppose 2*p + 2*p - 20 = 0. Suppose -2*g = u + 4*u - 46, 3*u + p*g = 39. Let d(m) = 7*m + 12. What is the units digit of d(u)?
8
Let f = 36 - 17. Suppose 15*b + 180 = f*b. Let h = b - -59. What is the tens digit of h?
0
Suppose 12*g - 41 + 5 = 0. What is the tens digit of g/3 + 389/(0 - -1)?
9
Suppose 15*q - 123859 - 40256 = 0. What is the tens digit of q?
4
Let s(d) be the third derivative of -d**6/120 - 2*d**5/15 - d**4/2 - 4*d**3 + d**2 + 2*d. What is the units digit of s(-9)?
5
Let b(g) = 157*g + 11. Let o(c) = c. Let a(j) = -b(j) - 4*o(j). What is the units digit of a(-1)?
0
Let b be 13*-16 + 1 - (-234 + 229). What is the hundreds digit of (-5)/(-20)*b*-4?
2
Suppose 53429 - 225314 = -35*o. What is the thousands digit of o?
4
Let j be (-10 - -6 - 305)*(-1 + -37). What is the tens digit of (j/285)/((-4)/(-10))?
0
Suppose 10*g - 4 = 6*g, -g = -3*y + 25571. What is the tens digit of y?
2
Let u = -1020 + 843. Let p = -560 + 257. Let o = u - p. What is the hundreds digit of o?
1
Let r(t) = -2786*t**3 - 5*t**2 - 12*t - 22. What is the units digit of r(-3)?
1
Let j(b) = 2*b**2 + 3*b - 102. Let o be j(9). Suppose o*w = 105*w - 16506. What is the tens digit of w?
1
Suppose -86 - 94 = 3*a. Let l = a + 62. Suppose -5*d + o + 399 = 0, d - 82 = -0*o - l*o. What is the units digit of d?
0
Let n = -25642 + 53103. What is the tens digit of n?
6
Suppose -120049 = -5*j + 353*k - 356*k, 0 = -5*j + 3*k + 120061. What is the hundreds digit of j?
0
What is the units digit of 5/45*63 - -1573?
0
Suppose -1 = h - 9*w + 8*w, 17 = -2*h - 3*w. Let b(y) = -115*y + 20. What is the units digit of b(h)?
0
Suppose 0 = v - 6 + 1. Let a(w) = 41*w - 513. Let i be a(12). What is the tens digit of v/(5/(-2)) - i?
1
Let z = 2844 - 1233. What is the tens digit of (z/15 + -7)/((-2)/(-5))?
5
Let z(k) = k**3 + 6*k**2 - 2*k - 4. Let l be z(-7). What is the hundreds digit of (13/l)/(2/(-1710))?
2
Suppose 7*p = 10*